23, 67, 137
What are the prime factors of 293224?
2, 36653
What are the prime factors of 32476949?
61, 587, 907
What are the prime factors of 67723?
67723
What are the prime factors of 2023348?
2, 19, 79, 337
What are the prime factors of 359470?
2, 5, 103, 349
What are the prime factors of 442036?
2, 7, 15787
List the prime factors of 257407.
257407
What are the prime factors of 2955094?
2, 1477547
What are the prime factors of 29316595?
5, 7, 11, 76147
List the prime factors of 6242069.
61, 102329
What are the prime factors of 808511?
11, 31, 2371
What are the prime factors of 85512?
2, 3, 7, 509
List the prime factors of 2486222.
2, 1243111
What are the prime factors of 255968?
2, 19, 421
List the prime factors of 4322647.
7, 617521
What are the prime factors of 5372837?
419, 12823
What are the prime factors of 1506665?
5, 301333
What are the prime factors of 1306325?
5, 52253
What are the prime factors of 664376?
2, 83047
List the prime factors of 808490.
2, 5, 80849
What are the prime factors of 106848?
2, 3, 7, 53
What are the prime factors of 1852491?
3, 29, 107, 199
List the prime factors of 210915.
3, 5, 43, 109
What are the prime factors of 1205200?
2, 5, 23, 131
List the prime factors of 2332889.
13, 179453
What are the prime factors of 14938?
2, 7, 11, 97
What are the prime factors of 4266767?
61, 113, 619
List the prime factors of 886350.
2, 3, 5, 19, 311
List the prime factors of 9340202.
2, 43, 67, 1621
What are the prime factors of 7383058?
2, 19, 97, 2003
List the prime factors of 34646390.
2, 5, 43, 197, 409
What are the prime factors of 7016380?
2, 5, 7, 23, 2179
List the prime factors of 750719.
750719
List the prime factors of 320743.
41, 7823
List the prime factors of 1920296.
2, 7, 53, 647
List the prime factors of 175909.
175909
List the prime factors of 489699.
3, 7, 2591
List the prime factors of 527182.
2, 263591
List the prime factors of 618030.
2, 3, 5, 7, 109
List the prime factors of 166836.
2, 3, 13903
What are the prime factors of 2978466?
2, 3, 661, 751
What are the prime factors of 11604059?
11604059
What are the prime factors of 4906266?
2, 3, 817711
List the prime factors of 3989935.
5, 797987
List the prime factors of 4050977.
7, 47, 1759
List the prime factors of 3953327.
7, 564761
List the prime factors of 4341304.
2, 11, 49333
What are the prime factors of 94881?
3, 31627
List the prime factors of 279301.
11, 25391
List the prime factors of 979539.
3, 11, 29683
List the prime factors of 855944.
2, 106993
What are the prime factors of 5300087?
13, 407699
What are the prime factors of 80058?
2, 3, 11, 1213
What are the prime factors of 22848534?
2, 3, 423121
List the prime factors of 196878.
2, 3, 11, 19, 157
List the prime factors of 15241255.
5, 167, 18253
What are the prime factors of 5336715?
3, 5, 71, 5011
List the prime factors of 956218.
2, 179, 2671
What are the prime factors of 7589324?
2, 821, 2311
List the prime factors of 3268353.
3, 11, 99041
What are the prime factors of 1136488?
2, 142061
What are the prime factors of 46086?
2, 3, 7681
What are the prime factors of 346503?
3, 19, 6079
List the prime factors of 26663.
7, 13, 293
What are the prime factors of 11107735?
5, 23, 96589
List the prime factors of 333960.
2, 3, 5, 11, 23
List the prime factors of 5051075.
5, 29, 6967
List the prime factors of 222190.
2, 5, 17, 1307
What are the prime factors of 3304597?
3304597
What are the prime factors of 9002083?
41, 89, 2467
List the prime factors of 126478.
2, 11, 5749
List the prime factors of 26938311.
3, 103, 87179
What are the prime factors of 6433678?
2, 31, 103769
What are the prime factors of 2955474?
2, 3, 229, 239
What are the prime factors of 4512315?
3, 5, 300821
List the prime factors of 38975.
5, 1559
List the prime factors of 4853935.
5, 970787
What are the prime factors of 1573234?
2, 13, 60509
List the prime factors of 957312.
2, 3, 277
List the prime factors of 55279.
7, 53, 149
What are the prime factors of 14440788?
2, 3, 133711
What are the prime factors of 159825?
3, 5, 2131
List the prime factors of 3152763.
3, 38923
List the prime factors of 2587272.
2, 3, 67, 1609
What are the prime factors of 177387?
3, 7, 8447
List the prime factors of 96144.
2, 3, 2003
List the prime factors of 181826.
2, 229, 397
What are the prime factors of 241479?
3, 7, 3833
What are the prime factors of 1007259?
3, 11, 131, 233
What are the prime factors of 4333922?
2, 2166961
What are the prime factors of 20215811?
7, 11, 262543
What are the prime factors of 8830?
2, 5, 883
List the prime factors of 3521636.
2, 880409
What are the prime factors of 671782?
2, 383, 877
What are the prime factors of 2398542?
2, 3, 399757
What are the prime factors of 362161?
362161
List the prime factors of 857988.
2, 3, 23833
What are the prime factors of 5103990?
2, 3, 5, 56711
What are the prime factors of 582298?
2, 359, 811
List the prime factors of 713096.
2, 89137
What are the prime factors of 3715894?
2, 7, 13, 17, 1201
List the prime factors of 4505231.
37, 121763
What are the prime factors of 5830808?
2, 728851
List the prime factors of 5140385.
5, 23, 44699
What are the prime factors of 1246603?
31, 40213
What are the prime factors of 586441?
139, 4219
What are the prime factors of 95437?
19, 5023
List the prime factors of 1397763.
3, 51769
List the prime factors of 985869.
3, 109541
List the prime factors of 3220830.
2, 3, 5, 79, 151
List the prime factors of 1101257.
47, 23431
What are the prime factors of 4999?
4999
What are the prime factors of 32836074?
2, 3, 5472679
List the prime factors of 3093616.
2, 239, 809
List the prime factors of 3811377.
3, 113, 11243
List the prime factors of 4700856.
2, 3, 195869
What are the prime factors of 334324?
2, 19, 53, 83
What are the prime factors of 1203773?
1203773
What are the prime factors of 15091846?
2, 7, 11, 59, 151
What are the prime factors of 187338?
2, 3, 31223
List the prime factors of 996948.
2, 3, 17, 181
What are the prime factors of 3246?
2, 3, 541
List the prime factors of 1482235.
5, 23, 12889
List the prime factors of 370471.
370471
List the prime factors of 2463870.
2, 3, 5, 82129
What are the prime factors of 29713726?
2, 7, 2122409
What are the prime factors of 239575?
5, 7, 37
What are the prime factors of 405375?
3, 5, 23, 47
What are the prime factors of 14398550?
2, 5, 37, 43, 181
List the prime factors of 509105.
5, 19, 23, 233
List the prime factors of 52365.
3, 5, 3491
What are the prime factors of 6212430?
2, 3, 5, 7, 19, 173
List the prime factors of 18493176.
2, 3, 13, 59273
List the prime factors of 773920.
2, 5, 7, 691
What are the prime factors of 5685008?
2, 7, 193, 263
What are the prime factors of 17732777?
17732777
List the prime factors of 21595.
5, 7, 617
List the prime factors of 19743210.
2, 3, 5, 83, 881
List the prime factors of 4522522.
2, 751, 3011
List the prime factors of 1049036.
2, 17, 15427
List the prime factors of 146.
2, 73
What are the prime factors of 1272859?
7, 181837
What are the prime factors of 387437?
387437
List the prime factors of 143709.
3, 47903
What are the prime factors of 8170575?
3, 5, 7, 79, 197
List the prime factors of 2825376.
2, 3, 19, 1549
List the prime factors of 26876540.
2, 5, 811, 1657
List the prime factors of 11113290.
2, 3, 5, 19, 67, 97
What are the prime factors of 7135358?
2, 71, 109, 461
What are the prime factors of 10133070?
2, 3, 5, 53, 6373
What are the prime factors of 4007207?
4007207
List the prime factors of 797100.
2, 3, 5, 2657
List the prime factors of 377930.
2, 5, 7, 5399
List the prime factors of 10871688.
2, 3, 67, 6761
What are the prime factors of 10971915?
3, 5, 47, 79, 197
List the prime factors of 136655.
5, 151, 181
List the prime factors of 24184643.
7, 37, 93377
What are the prime factors of 475798?
2, 19, 659
What are the prime factors of 1284022?
2, 642011
List the prime factors of 15269718.
2, 3, 29, 127, 691
List the prime factors of 2960859.
3, 11, 23, 47, 83
List the prime factors of 1120788.
2, 3, 163, 191
List the prime factors of 59185.
5, 7, 19, 89
List the prime factors of 4211204.
2, 1052801
List the prime factors of 198588.
2, 3, 13, 19, 67
List the prime factors of 288782.
2, 13, 29, 383
What are the prime factors of 1895996?
2, 4